15) to base 4
21031
What is -18652 (base 9) in base 7?
-52454
Convert -153204 (base 6) to base 11.
-10289
100110000 (base 2) to base 16
130
-231345 (base 8) to base 3
-10222202211
-2b7 (base 16) to base 7
-2012
Convert bd (base 16) to base 11.
162
202010 (base 3) to base 11
454
What is -74a7 (base 13) in base 14?
-5c88
-630 (base 8) to base 5
-3113
-10001110010100 (base 2) to base 13
-41b8
-1fc (base 16) to base 7
-1324
What is 13122 (base 12) in base 6?
320442
Convert -100000100100001 (base 2) to base 8.
-40441
What is 14518 (base 10) in base 9?
21821
What is 10110011100 (base 2) in base 11?
1096
Convert 302232 (base 5) to base 4.
2113130
-171d (base 15) to base 10
-4978
What is 2120 (base 10) in base 3?
2220112
-133 (base 5) to base 7
-61
Convert -1000000 (base 2) to base 6.
-144
Convert 6060 (base 7) to base 3.
2212210
Convert -11310 (base 5) to base 2.
-1100111110
10021 (base 3) to base 6
224
What is 111011000 (base 2) in base 8?
730
Convert -9c1 (base 15) to base 6.
-14114
-18840 (base 11) to base 7
-136452
-12500 (base 6) to base 10
-1908
What is 2323210 (base 4) in base 14?
4536
What is -b81 (base 13) in base 16?
-7ac
What is -202001 (base 5) in base 12?
-3919
-948 (base 10) to base 9
-1263
-211322 (base 4) to base 6
-15122
1532 (base 7) to base 3
211122
Convert -103 (base 13) to base 6.
-444
197 (base 13) to base 3
101212
Convert 1d433 (base 14) to base 15.
172e7
22222021 (base 3) to base 5
202131
What is -1410143 (base 5) in base 2?
-111000001111110
Convert 258 (base 16) to base 3.
211020
Convert -36657 (base 8) to base 14.
-5a7d
-30 (base 12) to base 11
-33
3b0 (base 12) to base 14
2c4
What is -213 (base 11) in base 2?
-100000000
What is 251214 (base 6) in base 16?
573a
-ba6 (base 12) to base 2
-11010101110
28c (base 16) to base 3
220011
Convert -10100011110001 (base 2) to base 4.
-2203301
9cc (base 14) to base 12
1160
Convert -48c (base 13) to base 7.
-2211
Convert -1001010001 (base 2) to base 14.
-305
What is 235 (base 6) in base 16?
5f
10111020 (base 3) to base 10
2544
-7311 (base 9) to base 15
-18c1
What is -5344 (base 7) in base 4?
-131212
6509 (base 10) to base 16
196d
Convert -170733 (base 8) to base 2.
-1111000111011011
What is -7aa (base 11) in base 2?
-1111000111
10515 (base 6) to base 9
2032
-1332530 (base 6) to base 13
-27bac
Convert -1432 (base 9) to base 15.
-4c2
Convert -2f4 (base 16) to base 3.
-1001000
What is 110110011 (base 2) in base 5?
3220
Convert 10211 (base 3) to base 6.
251
What is -1200110 (base 5) in base 12?
-10815
What is 2053 (base 14) in base 2?
1010110111001
What is 34660 (base 8) in base 16?
39b0
What is 1843 (base 9) in base 6?
10320
-64033 (base 8) to base 9
-40502
Convert 87516 (base 9) to base 13.
20535
Convert 10464 (base 9) to base 10.
6943
What is 20990 (base 10) in base 8?
50776
-20d (base 16) to base 2
-1000001101
What is 37064 (base 8) in base 14?
5b36
What is 31111001 (base 4) in base 11?
38020
Convert -22111 (base 4) to base 11.
-551
What is -104 (base 6) in base 8?
-50
Convert -301130 (base 4) to base 15.
-e0e
What is 511143 (base 6) in base 5?
2243310
Convert 30138 (base 9) to base 2.
100110101010111
What is 1220 (base 4) in base 10?
104
What is -1c (base 15) in base 11?
-25
Convert 3134 (base 5) to base 15.
1ce
-2165 (base 9) to base 7
-4442
1362 (base 11) to base 7
5065
Convert -3014 (base 11) to base 5.
-112013
-11111100101 (base 2) to base 7
-5615
260 (base 8) to base 13
107
Convert 12004 (base 6) to base 10.
1732
400004 (base 5) to base 4
3003120
What is -120021 (base 3) in base 8?
-634
-331 (base 7) to base 9
-207
Convert 41143 (base 6) to base 16.
1557
Convert 154 (base 12) to base 16.
d0
Convert 7151 (base 11) to base 16.
2516
35516 (base 9) to base 11
1692a
What is -5a0f (base 16) in base 2?
-101101000001111
Convert -10427 (base 8) to base 16.
-1117
-256 (base 15) to base 10
-531
14b (base 16) to base 9
407
-100001010100 (base 2) to base 8
-4124
-10040 (base 7) to base 10
-2429
73a (base 13) to base 11
a20
29 (base 14) to base 12
31
405 (base 8) to base 13
171
Convert -31531 (base 6) to base 14.
-17d5
What is 1342 (base 11) in base 2?
11011001100
What is -357 (base 13) in base 10?
-579
2525 (base 12) to base 7
15155
Convert a96 (base 15) to base 2.
100101010111
-117 (base 11) to base 3
-12011
What is 3203 (base 4) in base 2?
11100011
What is 3262 (base 7) in base 4?
102103
Convert -120c (base 13) to base 14.
-cdd
Convert -26c6 (base 13) to base 11.
-4204
Convert -253350 (base 6) to base 8.
-54442
What is -197 (base 15) in base 7?
-1033
Convert -51105 (base 6) to base 15.
-1ee2
What is -13cd (base 14) in base 6?
-24133
-7e8 (base 16) to base 7
-5621
What is 132132 (base 4) in base 7?
5454
-1707 (base 12) to base 9
-3677
What is 1424 (base 9) in base 5?
13300
Convert b91 (base 13) to base 14.
a13
Convert 1412131 (base 5) to base 6.
342241
Convert 8c0 (base 14) to base 2.
11011001000
Convert -1161 (base 11) to base 13.
-8cb
b2b3 (base 14) to base 8
74015
Convert 1577b (base 15) to base 4.
100321013
Convert 1016 (base 7) to base 13.
215
Convert -1256 (base 13) to base 11.
-1a5a
201 (base 16) to base 2
1000000001
What is 2001 (base 3) in base 4?
313
What is 1302 (base 7) in base 13?
2bb
-3212 (base 5) to base 9
-530
What is 7464 (base 12) in base 15?
3b9d
Convert 12236 (base 8) to base 2.
1010010011110
b1 (base 14) to base 8
233
Convert 16477 (base 11) to base 16.
5a9b
284 (base 12) to base 11
323
13451 (base 6) to base 16
847
585 (base 12) to base 16
335
What is 1691 (base 11) in base 12?
12b9
Convert 744 (base 15) to base 4.
121213
Convert 412663 (base 7) to base 8.
211776
10101010110111 (base 2) to base 6
122343
Convert 11213 (base 5) to base 6.
3424
Convert -101000101100111 (base 2) to base 5.
-1131324
What is 3096 (base 13) in base 16?
1a3a
113322 (base 5) to base 13
1bc0
Convert -110101011101 (base 2) to base 9.
-4621
1200112212 (base 3) to base 12
17272
-d024 (base 16) to base 12
-26a04
-111100 (base 2) to base 5
-220
-22212120 (base 3) to base 14
-2500
6517 (base 8) to base 10
3407
What is -3125 (base 11) in base 7?
-15034
-12b2 (base 12) to base 7
-6161
1072 (base 12) to base 11
13aa
Convert -332 (base 14) to base 5.
-10012
Convert -10110 (base 6) to base 12.
-936
2877 (base 9) to base 4
202000
What is 1133 (base 10) in base 4?
101231
What is -9422 (base 10) in base 4?
-2103032
a185 (base 11) to base 3
200112220
Convert -1111001000 (base 2) to base 15.
-448
Convert 10110010011001 (base 2) to base 4.
2302121
What is 203221 (base 8) in base 5?
4122332
9228 (base 10) to base 15
2b03
15038 (base 10) to base 5
440123
What is -11121 (base 5) in base 7?
-2202
-101 (base 7) to base 8
-62
What is -211122 (base 3) in base 8?
-1143
157 (base 13) to base 16
f1
Convert 55f9 (base 16) to base 3.
1010012011
Convert 489 (base 14) to base 10.
905
What is 11012022 (base 3) in base 8?
5763
1220 (base 4) to base 13
80
What is -11100011011 (base 2) in base 5?
-24234
Convert 312031 (base 4) to base 13.
176b
What is 111010100011 (base 2) in base 16?
ea3
Convert -561 (base 7) to base 8.
-440
Convert 2200 (base 5) to base 7.
606
What is -131b1 (base 12) in base 9?
-38837
What is -410 (base 5) in base 14?
-77
What is -75747 (base 9) in base 10?
-50182
-10350 (base 6) to base 5
-21214
Convert 604 (base 11) to base 4.
23122
-11430 (base 10) to base 2
-10110010100110
What is a4 (base 16) in base 15?
ae
What is 13a (base 16) in base 8?
472
-16727 (base 9) to base 12
-6807
10100011 (base 2) to base 5
1123
What is b955 (base 15) in base 11?
27524
What is 7530 (base 15) in base 9?
37010
-12576 (base 8) to base 9
-7483
Convert -10101000010 (base 2) to base 9.
-1755
What is -510 (base 11) in base 3?
-211211
Convert 7ab (base 16) to base 2.
11110101011
Convert 13820 (base 10) to base 15.
4165
What is -1000101110 (base 2) in base 11?
-468
What is -101 (base 11) in base 4?
-1322
Convert -17180 (base 9) to base 8.
-27051
Convert 31425 (base 7) to base 6.
55533
111112 (base 3) to base 7
1031
-5415 (base 6) to base 16
-4d3
-12b6 (base 16) to base 4
-1022312
What is -48cc (base 15) in base 11?
-10704
-30 (base 6) to base 7
-24
24501 (base 6) to base 15
1127
Convert -2211400 (base 5) to base 3.
-1221121101
What is -1c76 (base 16) in base 15?
-225b
Convert -133043 (base 6) to base 5.
-343324
-4714 (base 15) to ba